2*g - 4 = 0. Suppose h*l - z = 7. Determine f(l).
-8
Let m = 904 - 916. Let y(p) = p**2 + 12*p - 7. Calculate y(m).
-7
Let x be ((-24)/(-16))/(9/78). Let s(l) = l + 1. Determine s(x).
14
Let s(n) be the first derivative of n**4/24 + 2*n**3/3 + 11*n**2/2 - 7. Let w(i) be the second derivative of s(i). Calculate w(0).
4
Let t(p) = 6*p**3 + 2*p**2 - 6*p - 5. Let w(a) = -5*a**3 - a**2 + 5*a + 4. Let f be 2/(-6)*-15*(-7)/(-5). Let i(j) = f*w(j) + 6*t(j). Give i(-5).
3
Let a be 52/(-130) + ((-22)/(-5) - -1). Let n(x) = x**2 - x. Let y(t) = -2*t**2 + 5*t + 6. Let p(s) = n(s) + y(s). Calculate p(a).
1
Let z = 10 + -8. Let i(w) = 2*w**2 + 8*w + 0*w**z - 4*w**2 + w**2 - 6. Let o be (-3)/(-6) - -2*(-36)/(-16). Calculate i(o).
9
Let r(i) = -4*i**2 + 1. Let x(h) be the third derivative of 0*h - 5*h**2 - 1/10*h**5 + 2/3*h**3 + 0 - 1/6*h**4 - 1/120*h**6. Let t be x(-5). Calculate r(t).
-3
Let y(u) = -13*u - 6 + 23*u - 10*u + u**2. Determine y(0).
-6
Suppose -4 - 13 = -n. Let d = -21 + n. Let s(c) = 2*c + 1. Give s(d).
-7
Let y be 4*(2 - 30/8). Let f(u) = 5*u + u**2 - 11 - 7 + 8. What is f(y)?
4
Let i be (16/56)/((-1)/(-28)). Suppose 2*g - i*g + 18 = 0. Let v(b) = b**3 - 2*b**2 + b + 3. Calculate v(g).
15
Let v(l) = -4*l + l**3 - 19 - 10*l**2 + 31*l**2 - 15*l**2. What is v(-6)?
5
Let h(m) be the first derivative of -27 - 4/3*m**3 - m + 0*m**2. Give h(-1).
-5
Let s(m) = 5*m**3 - 483*m + 3*m**3 + 482*m - 3*m**3. Determine s(1).
4
Let u(d) be the third derivative of d**6/120 + d**5/60 - d**4/24 + 17*d**3/6 - 25*d**2. Let q = 3 - 3. Calculate u(q).
17
Let h(g) = g**3 + 7*g**2 + 5*g + 2. Suppose 5*v = 4*a - 434, 3*v - 2*a + 172 = v. Let b = -96 - v. Determine h(b).
8
Let w(d) = 2*d**3 + 7*d**2 - 9*d - 18. Let x(i) = -i**3 - 3*i**2 + 5*i + 9. Suppose 2*f + 30 = -4*f. Let a(n) = f*x(n) - 3*w(n). Calculate a(-6).
-3
Let a(h) be the first derivative of -h**2 + 9*h - 4. Let l = 742 - 733. Calculate a(l).
-9
Suppose 4*v + 31*v = -455. Let u(x) = -2*x - 35. What is u(v)?
-9
Let h(n) be the second derivative of -n**4/12 - 8*n**3/3 - 15*n**2/2 - 43*n + 4. Calculate h(-6).
45
Let n(c) = 5*c**3 - 8*c**2 - 6*c - 2. Let l(k) be the first derivative of -9*k**4/4 + 5*k**3 + 6*k**2 + 3*k + 4. Let i(t) = 4*l(t) + 7*n(t). What is i(5)?
3
Let k(x) = -2*x**2 + 12*x + 13. Let r(d) = d**2 - 6*d - 6. Let z(f) = 2*k(f) + 5*r(f). Suppose 2*p + 6 = 18. What is z(p)?
-4
Let a(v) = 5*v - 1. Let w be ((-42)/147)/((-1)/21). Let y be (20/(-5))/((-4)/6*w). Give a(y).
4
Let c be (-8 - -5)*(-1)/(3/(-4)). Let l(n) = -n**2 + n + 1. Let t(w) = w**2 - 6*w - 5. Let s = 2 - 4. Let p(o) = s*l(o) - t(o). Calculate p(c).
3
Let i(v) be the second derivative of v**4/12 + 5*v**2 - v + 15. Give i(0).
10
Let w(x) = 2*x**2 + 48*x + 79. Let z be w(-22). Let c(j) = -14*j - 4. Let o(b) = -9*b - 3. Let f(y) = -5*c(y) + 8*o(y). Determine f(z).
14
Let a be 4/18 + 8 + (-747)/81. Let o(h) = 8*h + 1. Calculate o(a).
-7
Let z(o) = -12*o + 30. Let b(s) = -5*s + 14. Let d(h) = -7*b(h) + 3*z(h). Calculate d(-5).
-3
Suppose 3 = -4*a - 1. Let u(l) = -13*l - 1 + 5*l + 10*l. Let j be u(a). Let v(r) = -r**2 - 5*r + 1. What is v(j)?
7
Let s(q) = 5*q**2 - 2*q - 2. Let y be s(2). Suppose -5*j + y = -21. Let h(a) = -a - a + 1 - j*a. Determine h(1).
-8
Let p(l) = -20*l**2 + 9*l + 11. Let m(n) = -7*n**2 + 3*n + 4. Let b(s) = -17*m(s) + 6*p(s). What is b(1)?
0
Let i be (-36)/(-7) - (-53)/(-371). Let z(o) = 2*o**2 - 17*o - 7. Let h(b) = b**2 - 8*b - 3. Let r(t) = 9*h(t) - 4*z(t). Give r(i).
6
Let g(r) = 4 + 8*r**2 - 7*r - 7*r**2 + r**3 - 6*r**2. Let d(z) = -z**2 - 8*z - 12. Let x be d(-10). Let i = -26 - x. Determine g(i).
-2
Let x be 0 + -10 + 3/(6/8). Let w(s) = -s**2 - 2*s - 1. Determine w(x).
-25
Let x(t) = -t**3 - t + 1. Suppose 2*u - 27 + 23 = 0. Let n(m) = 3*m**3 - 6*m**2 + 8*m - 4. Let d(p) = u*x(p) + n(p). What is d(5)?
3
Let l(d) be the first derivative of 2*d**3/3 - 21*d**2/2 + 3*d - 3. Calculate l(10).
-7
Suppose 1 + 3 = u. Suppose 2*j - j = -u. Let q(d) = d**3 + 3*d**2 - 2*d - 1. Give q(j).
-9
Let h = -25 + 42. Suppose 4*g + k - h = 0, -2*k + 13 + 12 = 5*g. Suppose -2*o + 16 = 3*r - 7*r, g*r = -15. Let q(u) = -u**3 - 2*u**2 + u + 2. Give q(o).
0
Let u(h) = 7*h - 4. Suppose -3 = -a + 3. Calculate u(a).
38
Let b(n) = -n**2 - 6*n - 7. Suppose -2*s - y - y + 10 = 0, -s - 4*y = 10. Let u be (-6)/s + (-44)/10. Give b(u).
-2
Let w(g) be the second derivative of -g**6/360 - 7*g**5/120 + g**4/24 + 2*g**3/3 - 39*g. Let q(r) be the second derivative of w(r). Give q(-6).
7
Let u be (-1)/1 + 1*-1. Let n(l) be the third derivative of l**6/60 - l**5/60 - l**4/24 - l**3/6 + 6*l**2 - 31*l. What is n(u)?
-19
Let z(p) = 12*p - 2. Let h(c) = 78*c - 697. Let i be h(9). Calculate z(i).
58
Let i(o) = -9*o**2 + 145*o - 16. Let j be i(16). Let k(q) = -q**2 + q - 44. What is k(j)?
-44
Let i(q) be the third derivative of -q**4/6 - q**3/2 + 52*q**2 + 1. Calculate i(-4).
13
Let w(g) = -g**3 - g**2. Let q(c) = -7*c**3 - 20*c**2 + 18*c + 33. Let p(z) = q(z) - 6*w(z). Calculate p(-15).
-12
Let d(c) = c - 2. Let s(q) = 6*q**2 + 4*q + 2. Let m be s(-1). Determine d(m).
2
Let k = -2533 - -2533. Let n(w) = w**2 - w - 4. Determine n(k).
-4
Let d be (-1*10*1)/(-2). Suppose -d*h - 7*v = -2*v - 40, 5*h = 2*v + 33. Let r(q) be the third derivative of -q**4/24 + 5*q**3/3 - 75*q**2 + 3. Give r(h).
3
Let w(i) be the second derivative of -i**5/40 + i**4/8 - 4*i**3/3 - 11*i. Let t(l) be the second derivative of w(l). What is t(3)?
-6
Let w(o) be the third derivative of o**6/120 + 7*o**5/60 + 3*o**4/8 - o**3 + 32*o**2 + o. Determine w(-5).
-1
Let i(f) = f**2 - 5*f - 14. Let w be i(7). Suppose n = -w*n - 6. Let b(k) = 2. Let p(y) = -y - 11. Let o(h) = n*p(h) - 33*b(h). Give o(2).
12
Let b(d) be the second derivative of d**3/6 - 13*d**2/2 + 159*d. What is b(0)?
-13
Let i = -109 + 103. Let n(s) be the third derivative of -s**6/120 - s**5/12 + s**4/8 - 4*s**3/3 + 2*s**2. What is n(i)?
10
Let z = 10 + -22. Let q be (-9)/(-4)*32/z. Let x(s) = -s**3 - 6*s**2 + s - 1. What is x(q)?
-7
Let k(o) = 3*o - 2. Let w be ((-8)/10)/((-10)/25). Suppose -5 = -t - w. Suppose -3*x = -2*l - 7, 0 = -t*l - 3*x + 5*x - 8. What is k(l)?
-8
Let t(p) = 5*p + 3*p - 11 - 3*p - 12 + 26. Give t(-3).
-12
Suppose 19 = -2*q + 1. Let i(m) = -4*m + 9. Let x(p) = -p + 2. Let w(n) = q*x(n) + 2*i(n). Suppose -5*b = -r - 0*r + 15, -r + b - 1 = 0. Give w(r).
-5
Suppose 4*w + 28 = 2*p - 0*w, 2*p - 3*w - 24 = 0. Suppose 2*n = -q + 3, 0 = -3*q - 14 - 1. Let i(j) = -n + 7 + 0 + j. What is i(p)?
9
Let k = 643/6 + -107. Let b(s) be the second derivative of 0 + 1/12*s**4 + 7/20*s**5 + 0*s**2 + k*s**3 - 3*s. Determine b(-1).
-7
Suppose -41 = 5*p - 106. Suppose -12 - p = -5*y. Let z(v) = -y*v - 2*v + 6*v. What is z(3)?
-3
Let q(f) be the first derivative of -f**3/3 + f**2 + f - 382. Calculate q(8).
-47
Let k(z) = 11*z**2 - z + 2. Let s = -74 + 75. Determine k(s).
12
Let f(d) = -2*d**2 + 11*d**2 - d - 8*d**2 + 15*d**3. Determine f(1).
15
Let r(j) = j**3 + 2*j - 1. Let b be r(1). Suppose -2*c + 0*c + 3*f + 1 = 0, 25 = 2*c + 5*f. Let h(o) = 4*o - 4*o**2 + 2*o**3 + 4*o - c*o - 2. Calculate h(b).
4
Let a be (3 + 66/(-12))*8/(-5). Let g(r) = 3*r**2 - a*r**2 + 3*r + 64 - 66. Determine g(2).
0
Let t = -18 + 50. Let j = 45 - t. Suppose -a - 3 = u - 4, a - j = -3*u. Let z(l) = l**3 - 6*l**2 + l - 7. Give z(u).
-1
Let c(m) = -6*m**2 + 4 - 3 - 3*m**2. Let w be 2 - ((-4)/1)/(-4). Give c(w).
-8
Let k(s) = -1 + 7*s + 5*s - 11*s. Suppose 0 = -2*l - 67 + 75. Give k(l).
3
Let o(b) = -41*b**3 - 2 + 37*b**3 - 6*b**2 + 5*b**3 - b. Give o(6).
-8
Let n(m) be the first derivative of -5/2*m**2 + 10 + 1/4*m**4 - 2*m**3 - 10*m. Give n(7).
4
Suppose 2*h + 16 = 4*r, 0 = -h - 2*h + 5*r - 20. Suppose -9*k - 10 = -14*k. Let i(x) = -6 + x**2 + 2*x**2 - k*x**2 - x. Give i(h).
-6
Let o(v) = 3*v - 9. Let y = -292 - -299. Give o(y).
12
Let v(i) be the second derivative of -i**7/2520 - i**6/120 + i**5/60 - i**4/12 + 27*i. Let c(w) be the third derivative of v(w). Determine c(-7).
-5
Let p(s) be the second derivative of s**6/720 + 11*s**4/12 - 7*s. Let k(c) be the third derivative of p(c). Give k(5).
5
Suppose -r - 7 = 4*f + 8, 4*f = 4*r - 40. Let m(o) = o**2 - o - 8. Let g(i) = -i - 4 + i**2 + 0*i - 5. Let b(l) = f*m(l) + 4*g(l). What is b(0)?
4
Let q(c